**2 - 35*d - 712. Is h(-27) prime?
False
Let k = -12 + 8. Is (178/k)/(26/(-52)) a composite number?
False
Suppose -k = 2*k - 3393. Suppose 2*v = -2*v + 2*b + 1508, 3*v - k = 3*b. Suppose 5*o = v + 168. Is o a prime number?
True
Suppose 2222249132 = 431*d + 375589549. Is d a composite number?
False
Let q(f) be the first derivative of 1669*f**2/2 - 12*f + 37. Let h be q(2). Let r = h - -2673. Is r composite?
True
Let h(g) be the first derivative of 7*g - 3/2*g**4 - 7/3*g**3 + 5 - 1/2*g**2. Is h(-5) prime?
True
Let k(s) = s**3 + 12*s**2 - 6*s + 7. Let n(w) = w + 5. Let p be (-4)/26 - 141/26*2. Let c be n(p). Is k(c) a prime number?
False
Suppose -158*j = -198*j + 1361080. Is j composite?
True
Is -3 - 16 - (-162 + -574404) composite?
False
Let q(t) = 277*t**3 - 257*t**2 - 55*t - 18. Is q(11) a prime number?
False
Let o be 373/(-7) + 2/7. Let h = -57 - o. Is 3 + 397/(-2)*h a prime number?
True
Let b(c) = 6800*c**2 + 34*c - 117. Is b(8) prime?
False
Let z be ((-25)/2)/25 - 95/(-2). Let c = z - -176. Is c prime?
True
Let u be (1 - (-60)/4)*(-3)/6. Let o be 90108/48 - (-2)/u. Suppose -2*q - 3*q - o = -3*c, 3135 = 5*c - 5*q. Is c composite?
True
Let s = 58755 + -12026. Is s prime?
False
Suppose 68*j = -3*n + 63*j - 548, -5*n + 2*j - 903 = 0. Let y(t) = t**3 - 14*t**2 - 6*t - 7. Let f be y(7). Let l = n - f. Is l a prime number?
True
Suppose 3*j + 6 = j. Let c(z) be the second derivative of -49*z**5/20 + z**4/2 + z**3 + z**2 + 1316*z. Is c(j) prime?
True
Let j = 475 - -1131. Suppose -m = -j + 63. Is m a composite number?
False
Let a(y) = 374*y**2 - 46*y - 675. Is a(-38) composite?
False
Let m = 321 - 321. Suppose -39*r + 18*r + 7539 = m. Is r a prime number?
True
Suppose -21*n + 3290054 = 123653. Is n a prime number?
False
Suppose -7 + 1 = -3*v. Let p be 0*(3 - v)/1. Is 255 + 3 + (-1 - p) + -4 a prime number?
False
Suppose 4 = -4*u - r + 1, 4*u = r + 3. Suppose u = 63*l - 65*l + 2390. Is l a composite number?
True
Suppose 2*k + 78 = 4*a, 0 - 15 = -5*k. Let w be ((-71)/3 + -1)*(a - 531). Suppose 3*s - 8*s = -5*p - w, 0 = -p - 1. Is s a prime number?
False
Suppose 5*z - 95643 = -s - 25823, 4*s = 5*z - 69795. Is z prime?
True
Let q be (0/(-4) - 4) + 6789. Let h = q - 364. Is h prime?
True
Let l(m) = 2198*m**2 + 38*m - 286. Is l(5) composite?
True
Let g(a) = 1811*a - 1072. Is g(9) a prime number?
True
Let l(z) = 741*z**2 - 28*z - 28. Is l(-5) prime?
True
Suppose -y + 2*y = -10. Let i(z) be the third derivative of z**6/120 + 3*z**5/20 - 5*z**4/8 + 17*z**3/6 - 469*z**2. Is i(y) a prime number?
True
Suppose 4087 = n + w + 4*w, 3*n + w - 12289 = 0. Suppose 4*l = b - 5*b + 16400, l + 2*b - n = 0. Is l prime?
False
Let o be (-3785)/(-2) - (-21)/14. Let x be -1 + -4*o/(-4). Suppose -3*q = -6*q + x. Is q a prime number?
True
Let w = 589010 - 302523. Is w a composite number?
False
Suppose 8*w - 16 = -8. Suppose 5*c - 4*c = w, -2*y + 1067 = c. Is y a composite number?
True
Let x be (0/((-2)/1))/2. Let d be (-12 + (-95 - -9))*(1 + -30). Suppose x = 5*w - 5*j - 3560, 0*w + 2*j = 4*w - d. Is w a prime number?
True
Let y be (-1)/2 + 5/((-70)/(-497)). Suppose y*k = 3274 + 10096. Is k prime?
False
Let h = 170273 - 24880. Is h a composite number?
True
Suppose 4845 = -4*u + 13109. Let h = u - -711. Is h composite?
False
Suppose -12*r + 7616 + 2344 = 0. Suppose 0 = 2*f - 2*h - 8068, -h + 4874 - r = f. Is f a composite number?
True
Suppose 2546 + 3974 = 4*f. Let b(u) = 135*u - 24. Let v be b(-8). Let y = f + v. Is y prime?
False
Let z be (-9)/12 - (-105)/(-20). Is ((-55289)/3 - -9)/(z/9) a prime number?
True
Let p(h) = h**3 - 11*h**2 - 25*h - 8. Let i be (27/(-6))/(-1 - 3/(-4)). Let y be p(i). Suppose y - 4484 = -7*j. Is j a prime number?
False
Suppose 3*w = -w + 16. Suppose 3*n + w*z = 11885, -14*n - 3964 = -15*n + z. Is n composite?
True
Suppose -m - 2 + 45 = 5*o, 3*o = 2*m - 34. Suppose -27974 = -m*y + 25363. Is y a composite number?
True
Let l(d) = 2*d**3 + 7*d**2 - 35*d + 43. Let p be l(24). Let u = 1178 + p. Is u a composite number?
True
Suppose 5*f + 3395 + 3730 = 0. Let l = f + 3022. Is l prime?
True
Suppose 1790 + 10595 = -5*k. Let b = k - -4848. Is b composite?
False
Let i(o) = 8 + 5*o + 15*o**2 + 7*o - 16 + o**3 - 12. Let n be i(-14). Suppose -n*p + 6583 = 2159. Is p a composite number?
True
Is ((-864)/(-2160))/(2/4759715) composite?
False
Suppose 8 = -6*h + 20. Suppose h*a - 4*a = -10. Suppose 2*j - 407 = -f + 4*f, -15 = a*f. Is j prime?
True
Suppose -4*f - 5*c + 19937 + 38368 = 0, 4*c = 2*f - 29172. Suppose 4*s = 4*u - 11680, -11*u + f = -6*u - s. Suppose u = -44*z + 49*z. Is z a prime number?
False
Let q(y) = 6198*y**2 - 5*y - 4. Let d be q(-3). Suppose -20067 = -4*h + d. Is h a prime number?
False
Let q(c) = c - 26. Let f be q(20). Let z(k) = -k - 1. Let w be z(f). Suppose -2946 = -w*o + 5519. Is o a prime number?
True
Is (-14)/28*(-59895 + 1) prime?
True
Suppose 187416 - 1299884 = -5*u + 3*t, -5*u = 4*t - 1112461. Is u a composite number?
False
Suppose -10*d - 2*v = -7*d - 447263, -3*v + 447258 = 3*d. Is d a prime number?
False
Let t(i) = 1271*i**3 - 2*i**2 - 4*i - 1. Let g be t(2). Let w = g + -3993. Is w a prime number?
False
Let x(i) = -9*i - 84. Let a be x(-10). Let u(s) = 11 - 4*s + 3*s**3 - 5*s**2 - s - 7*s + s**2. Is u(a) prime?
True
Let x = -72 + 56. Let m be (-2)/(-3)*(-10 - x). Suppose 0*r + m*r - 852 = 0. Is r a composite number?
True
Suppose 0 = -6*f + 18*f - 24096. Let g = f - 551. Is g prime?
False
Suppose -10*u + 92490 + 151430 = 0. Suppose -2*s + 25134 = -u. Is s composite?
False
Let u(p) = -181*p + 519. Is u(-34) prime?
True
Suppose 0 = -21*k + 27*k - 29*k + 5681713. Is k prime?
True
Suppose 70*m + 145099 = 2*j + 73*m, 0 = -5*j + 3*m + 362758. Is j composite?
False
Suppose -12882126 - 21576284 = -43*d - 27*d. Is d composite?
True
Suppose 12*f + 2*f = 2296. Suppose -11*o - 298 = f. Is (-57)/21*-47 + 24/o composite?
False
Suppose -13459 = -3*k + 7427. Let a = 11289 - k. Is a a prime number?
True
Suppose -22 = -5*k + 4*t + 110, -3*t = -2*k + 57. Suppose -3675 = -k*q + 8109. Is q prime?
True
Let s = -59 + 76. Suppose 4*q - s = -1, -3*q + 3 = -3*u. Let z(o) = 128*o**2 - 3*o + 8. Is z(u) a composite number?
False
Let u be 267722/22 + ((-8)/44)/1. Let f = u + -8510. Is f prime?
True
Let q(y) = y**2 - 22*y + 96. Let j be q(16). Suppose j = 201*x - 203*x + 1474. Is x prime?
False
Suppose 5 = 3*b + 3*j + 2, -5*b + 3*j = 11. Is 19/19 - b/((-3)/(-91620)) composite?
True
Suppose 0 = 3*n - 2*j + j - 157491, 0 = 2*n + 5*j - 104977. Let r = -33873 + n. Is r prime?
False
Let o be (-530)/3*(-2 + (-53)/2). Suppose -2*s + 319 + o = 0. Suppose 2*r = 8, 4*r = -5*b - 1006 + s. Is b prime?
True
Let t be ((-6)/9 - -1) + (-109781)/(-21). Suppose -t + 166 = -2*f. Is f composite?
False
Suppose 0 = -l - 4*v + 49356 + 1401, -l = v - 50760. Is l a prime number?
False
Suppose 0*p - 3183 = 3*p. Suppose -5*w - 2*y + 8887 = -271, -3*w - 3*y + 5502 = 0. Let d = w + p. Is d composite?
False
Let h = 12270 + 209191. Is h prime?
True
Let m = 522 - 311. Let i(k) = -k**2 - 17*k + 4. Let u be i(-17). Suppose -m = -u*v + 3*v. Is v composite?
False
Suppose 0 = 119*s - 115*s - 55988. Is s composite?
False
Let f(a) = 30*a**2 - 6*a - 3. Suppose -2*k + 5*n = -7, -n = 3*k + n - 20. Let r be f(k). Suppose 4*y - r = 875. Is y a composite number?
False
Suppose 3*g - 5*g + 87933 = 3*d, 4*g - 175890 = 2*d. Is g a prime number?
False
Let g = 22138 + 14406. Let k = g - 24459. Is k composite?
True
Suppose -8*z + 27850 = -4462. Is z prime?
False
Let k(t) be the second derivative of 4/3*t**4 - 19/3*t**3 - 13/2*t**2 + 0 - 18*t. Is k(9) a prime number?
True
Let o be ((-16)/(320/50))/(5/(-8)). Suppose -x + 2*u = -2*u - 6781, 2*x = -o*u + 13526. Is x composite?
True
Let r be ((-160628)/(-160) - 6/48)*5. Is r/(-7)*(-1 - 2) - -4 prime?
False
Suppose -7*n + 126515 = -2*n - 5*t, -10 = 5*t. Is n prime?
True
Let l(t) = -t + 27. Let y be l(18). Suppose -y*v + 19598 = -14521. Is v a prime number?
False
Let x(j) = -34*j + 78. Let p be x(-20). Let h be -1*(1 - -2) + 360. Suppose g - p = h. Is g prime?
False
Let n(k) = -k**2 - k + 13. Suppose -2*d - 2 = -v - 5, 5*d + 2*v = 21. Let c be n(d). Is -1 + 1340 + c + -2 + 1 a composite number?
True
Let c(y) = 2306*y**2 + 24*y + 167. Is c(-16) prime?
True
Let k(w) = 7629